{"id":7,"date":"2020-02-27T08:35:38","date_gmt":"2020-02-27T08:35:38","guid":{"rendered":"http:\/\/isibheqe.org.za\/?page_id=7"},"modified":"2022-03-18T17:25:02","modified_gmt":"2022-03-18T17:25:02","slug":"about","status":"publish","type":"page","link":"https:\/\/isibheqe.org.za\/","title":{"rendered":"\u235a DITEMA TSA DINOKO \u235a"},"content":{"rendered":"\r\n<h2 class=\"has-text-align-left wp-block-heading\"><em>EZINDABENI \/ DITABENG<\/em><\/h2>\r\n\r\n\r\n\r\n<div class=\"wp-block-image\">\r\n<figure class=\"aligncenter size-large\"><img loading=\"lazy\" decoding=\"async\" width=\"993\" height=\"1024\" class=\"wp-image-248\" src=\"https:\/\/isibheqe.org.za\/wp-content\/uploads\/2020\/03\/Sashona-Isanusi-993x1024.jpg\" alt=\"\" srcset=\"https:\/\/isibheqe.org.za\/wp-content\/uploads\/2020\/03\/Sashona-Isanusi-993x1024.jpg 993w, https:\/\/isibheqe.org.za\/wp-content\/uploads\/2020\/03\/Sashona-Isanusi-291x300.jpg 291w, https:\/\/isibheqe.org.za\/wp-content\/uploads\/2020\/03\/Sashona-Isanusi-768x792.jpg 768w, https:\/\/isibheqe.org.za\/wp-content\/uploads\/2020\/03\/Sashona-Isanusi-1200x1238.jpg 1200w, https:\/\/isibheqe.org.za\/wp-content\/uploads\/2020\/03\/Sashona-Isanusi.jpg 1404w\" sizes=\"auto, (max-width: 993px) 100vw, 993px\" \/>\r\n<figcaption><em>Ukushona kukaVusamazulu Credo Mutwa<\/em><br><em><strong> Isanusi Sesizwe<\/strong> <\/em><br><em>(21 uNtulikazi 1921 CE <\/em>\u2013<em> 25 uNdasa 2020 CE)<\/em><\/figcaption>\r\n<\/figure>\r\n<\/div>\r\n\r\n\r\n\r\n<figure class=\"wp-block-image alignfull size-large\"><img loading=\"lazy\" decoding=\"async\" width=\"1024\" height=\"758\" class=\"wp-image-223\" src=\"https:\/\/isibheqe.org.za\/wp-content\/uploads\/2020\/03\/igciwanyana-lamagoda-2-1024x758.jpg\" alt=\"\" srcset=\"https:\/\/isibheqe.org.za\/wp-content\/uploads\/2020\/03\/igciwanyana-lamagoda-2-1024x758.jpg 1024w, https:\/\/isibheqe.org.za\/wp-content\/uploads\/2020\/03\/igciwanyana-lamagoda-2-300x222.jpg 300w, https:\/\/isibheqe.org.za\/wp-content\/uploads\/2020\/03\/igciwanyana-lamagoda-2-768x568.jpg 768w, https:\/\/isibheqe.org.za\/wp-content\/uploads\/2020\/03\/igciwanyana-lamagoda-2-1200x888.jpg 1200w, https:\/\/isibheqe.org.za\/wp-content\/uploads\/2020\/03\/igciwanyana-lamagoda-2.jpg 1355w\" sizes=\"auto, (max-width: 1024px) 100vw, 1024px\" \/>\r\n<figcaption>IGCIWANYANA LAMAGODA-2<br><br>Igama elithi &#8220;Khorona&#8221; lisho &#8220;umqhele&#8221; noma &#8220;indingiliza&#8221;, ngoba izingqamuzana zakhona zingungwa ngezicoco zamagoda.<br>Amagoda wona ayazibophisisa olwelwesini lwengqamuzana yephaphu lomuntu, bese igciwanyana liyangena phakathi.<br><br>Uma selingenile liqala ukuzandisa, kuze kube kugcwele amagciwanyana engqamuzaneni, asuka aqhumisa olwelwesini aqala ukuthelela kwezinye.<br><br>Ngalendlela amagciwanyana lawo ayagulisa umuntu ngesifo samaphaphu.<br><br>Thola kabanzi: <a href=\"http:\/\/www.sacoronavirus.co.za\">http:\/\/www.sacoronavirus.co.za<\/a><br><br>________<br><br><em>CORONAVIRUS-2<\/em><br><em><br>&#8220;The name &#8216;Corona&#8217; means &#8216;crown&#8217; or &#8216;circle&#8217;, because the cells in question are encircled with a ringlet of tufts.<br>The tufts adhere themselves to the membrane of the lung cell of a person, then the virus enters it.<br><br>When it has entered it begins to replicate itself, until the cell is full of viruses, which then burst the membrane and begin to infect other cells.<br>In this way these viruses make a person sick with lung disease. <\/em><br><br>More information: <a href=\"http:\/\/www.sacoronavirus.co.za\/\">http:\/\/www.sacoronavirus.co.za<\/a><em><br><\/em><\/figcaption>\r\n<\/figure>\r\n\r\n\r\n\r\n<div class=\"wp-block-image\">\r\n<figure class=\"alignright size-medium is-resized\"><a href=\"https:\/\/isibheqe.org.za\/wp-content\/uploads\/2020\/03\/igciwanyana-lamagoda-2.jpg\"><img loading=\"lazy\" decoding=\"async\" class=\"wp-image-224\" src=\"https:\/\/isibheqe.org.za\/wp-content\/uploads\/2020\/03\/Untitled-1-35x300.png\" alt=\"\" width=\"20\" height=\"171\" srcset=\"https:\/\/isibheqe.org.za\/wp-content\/uploads\/2020\/03\/Untitled-1-35x300.png 35w, https:\/\/isibheqe.org.za\/wp-content\/uploads\/2020\/03\/Untitled-1.png 56w\" sizes=\"auto, (max-width: 20px) 100vw, 20px\" \/><\/a>\r\n<figcaption><em>SARS-CoV-2<\/em><\/figcaption>\r\n<\/figure>\r\n<\/div>\r\n\r\n\r\n\r\n<p><img loading=\"lazy\" decoding=\"async\" class=\"size-medium wp-image-92 alignleft\" src=\"http:\/\/isibheqe.org.za\/wp-content\/uploads\/2020\/03\/UMUNTU-NGUMUNTU-NGABANTU-JPEG-Black-251x300.jpg\" alt=\"\" width=\"251\" height=\"300\" srcset=\"https:\/\/isibheqe.org.za\/wp-content\/uploads\/2020\/03\/UMUNTU-NGUMUNTU-NGABANTU-JPEG-Black-251x300.jpg 251w, https:\/\/isibheqe.org.za\/wp-content\/uploads\/2020\/03\/UMUNTU-NGUMUNTU-NGABANTU-JPEG-Black.jpg 727w\" sizes=\"auto, (max-width: 251px) 100vw, 251px\" \/><\/p>\r\n<p style=\"text-align: center;\"><strong>isibheqe sohlamvu<\/strong><\/p>\r\n<p style=\"text-align: center;\">[isib\u0324\u025b\u01c3\u025b s\u0254\u026ca\u02d0\u1d50vu]<\/p>\r\n<p style=\"text-align: center;\">\u2662\u235a\u2662<\/p>\r\n<p style=\"text-align: center;\"><strong>ditema tsa dinoko<\/strong><\/p>\r\n<p style=\"text-align: center;\"><strong>[<\/strong>dit\u02bc\u026ama t\u035cs\u02bcadin\u028a\u02d0k\u02bc\u028a]<\/p>\r\n<p style=\"text-align: center;\">\u235a\u2662\u235a<\/p>\r\n<p style=\"text-align: center;\">uhlelo lokuloba amazwi ezilimi zesintu<\/p>\r\n<p style=\"text-align: center;\">olunesimo oluvelo ebuciko bomdabu<\/p>\r\n<p style=\"text-align: right;\"><em>a writing system for southern african languages<\/em><\/p>\r\n<p style=\"text-align: right;\"><em>of a form that originates in traditional arts<\/em><\/p>\r\n<p style=\"text-align: center;\">mokwalo o moshwa wa puo ya setso<\/p>\r\n<p style=\"text-align: right;\"><em>a new orthography for indigenous&nbsp;<\/em><i>language<\/i><\/p>\r\n<p><img loading=\"lazy\" decoding=\"async\" class=\"alignnone size-full wp-image-115\" src=\"http:\/\/isibheqe.org.za\/wp-content\/uploads\/2020\/03\/isibheqe-sisetshenziswa-ngeziphi-izilimi.png\" alt=\"\" width=\"683\" height=\"316\" srcset=\"https:\/\/isibheqe.org.za\/wp-content\/uploads\/2020\/03\/isibheqe-sisetshenziswa-ngeziphi-izilimi.png 683w, https:\/\/isibheqe.org.za\/wp-content\/uploads\/2020\/03\/isibheqe-sisetshenziswa-ngeziphi-izilimi-300x139.png 300w\" sizes=\"auto, (max-width: 683px) 100vw, 683px\" \/><\/p>\r\n<p style=\"text-align: left;\">the system is used for all siNtu language of the region of Azania \/ !Narem\u00e2b, and is thought more efficient than the colonial Latin\/Roman alphabets currently learned in schools, according to research on reading speeds <a href=\"https:\/\/www.ukzn.ac.za\/news\/research-on-eye-movements-while-reading-isizulu\/\">here<\/a>.<\/p>\r\n<p><img loading=\"lazy\" decoding=\"async\" class=\"alignnone size-full wp-image-114\" src=\"http:\/\/isibheqe.org.za\/wp-content\/uploads\/2020\/03\/isibheqe-sivelaphi.png\" alt=\"\" width=\"702\" height=\"404\" srcset=\"https:\/\/isibheqe.org.za\/wp-content\/uploads\/2020\/03\/isibheqe-sivelaphi.png 702w, https:\/\/isibheqe.org.za\/wp-content\/uploads\/2020\/03\/isibheqe-sivelaphi-300x173.png 300w\" sizes=\"auto, (max-width: 702px) 100vw, 702px\" \/><\/p>\r\n<p style=\"text-align: left;\">it is a free cultural technology that is derived from <em>izimpawu zesintu <\/em>such as <a href=\"https:\/\/en.wikipedia.org\/wiki\/Litema\"><em>litema tsa basotho<\/em><\/a>, that is, it is based on well-established regional symbologies and received wisdom of indigenous knowledge systems:<\/p>\r\n<p><a href=\"https:\/\/www.facebook.com\/madimi2016\/\"><img loading=\"lazy\" decoding=\"async\" class=\"alignnone wp-image-116 size-full\" src=\"http:\/\/isibheqe.org.za\/wp-content\/uploads\/2020\/03\/izimpawu-zesintu-taurai-mtake.png\" alt=\"\" width=\"740\" height=\"803\" srcset=\"https:\/\/isibheqe.org.za\/wp-content\/uploads\/2020\/03\/izimpawu-zesintu-taurai-mtake.png 740w, https:\/\/isibheqe.org.za\/wp-content\/uploads\/2020\/03\/izimpawu-zesintu-taurai-mtake-276x300.png 276w\" sizes=\"auto, (max-width: 740px) 100vw, 740px\" \/><\/a><\/p>\r\n<p style=\"text-align: left;\">uma ufuna ukulayisha i-PDF yencazo yo<a href=\"https:\/\/isibheqe.org.za\/index.php\/uhlelo\/\">HLELO<\/a> lokusetshenziswa kwesibheqe sohlamvu, uthinte <a href=\"https:\/\/isibheqe.org.za\/wp-content\/uploads\/2020\/03\/ingcazo.pdf\">la<\/a>.<\/p>\r\n<p><em>if you would like to download a PDF of the explanation of how the isibheqe sohlamvu system is used, click <a href=\"https:\/\/isibheqe.org.za\/wp-content\/uploads\/2020\/03\/ingcazo.pdf\">here<\/a>.<\/em>&nbsp;<\/p>\r\n<p><a href=\"https:\/\/artfacts.net\/artist\/francis-burger\/407407\"><img loading=\"lazy\" decoding=\"async\" class=\"alignnone wp-image-155 size-full\" src=\"http:\/\/isibheqe.org.za\/wp-content\/uploads\/2020\/03\/isibheqe-onkamisa.png\" alt=\"Onkamisa\" width=\"1347\" height=\"903\" srcset=\"https:\/\/isibheqe.org.za\/wp-content\/uploads\/2020\/03\/isibheqe-onkamisa.png 1347w, https:\/\/isibheqe.org.za\/wp-content\/uploads\/2020\/03\/isibheqe-onkamisa-300x201.png 300w, https:\/\/isibheqe.org.za\/wp-content\/uploads\/2020\/03\/isibheqe-onkamisa-1024x686.png 1024w, https:\/\/isibheqe.org.za\/wp-content\/uploads\/2020\/03\/isibheqe-onkamisa-768x515.png 768w, https:\/\/isibheqe.org.za\/wp-content\/uploads\/2020\/03\/isibheqe-onkamisa-1200x804.png 1200w\" sizes=\"auto, (max-width: 1347px) 100vw, 1347px\" \/><\/a><\/p>\r\n<p>open source isibheqe keyboard software that produces image files is currently available on this site, click here: <a href=\"https:\/\/isibheqe.org.za\/index.php\/loba\/\">LOBA!<\/a> &amp; the software can be downloaded for offline use <a href=\"https:\/\/github.com\/baruchlubinsky\/isibheqe\">here<\/a>.<\/p>\r\n<p><a href=\"http:\/\/isibheqe.org.za\/demo\"><img loading=\"lazy\" decoding=\"async\" class=\"alignnone size-full wp-image-205\" src=\"http:\/\/isibheqe.org.za\/wp-content\/uploads\/2020\/03\/ikhibhodi-elimnyama.png\" alt=\"\" width=\"874\" height=\"349\" srcset=\"https:\/\/isibheqe.org.za\/wp-content\/uploads\/2020\/03\/ikhibhodi-elimnyama.png 874w, https:\/\/isibheqe.org.za\/wp-content\/uploads\/2020\/03\/ikhibhodi-elimnyama-300x120.png 300w, https:\/\/isibheqe.org.za\/wp-content\/uploads\/2020\/03\/ikhibhodi-elimnyama-768x307.png 768w\" sizes=\"auto, (max-width: 874px) 100vw, 874px\" \/><\/a><\/p>\r\n<p style=\"text-align: left;\">text wordprocessing will be available once <em>ditema tsa dinoko&nbsp;<\/em>is recognised by the &nbsp;<a href=\"https:\/\/unicode.org\/\" target=\"_blank\" rel=\"noopener noreferrer\">Unicode Consortium<\/a> \u2013 the body which ensures that computing devices can share or exchange text that is written in any language or with symbols.&nbsp;&nbsp;<\/p>\r\n<ul>\r\n<li>for detailed information on the how the script works, see the Wikipedia page <a href=\"https:\/\/en.wikipedia.org\/wiki\/Ditema_tsa_Dinoko\">here<\/a>.<\/li>\r\n<li>pour des informations pr\u00e9cises sur le fonctionnement du syst\u00e8me, la page Wikip\u00e9dia est <a href=\"https:\/\/fr.wikipedia.org\/wiki\/Ditema_tsa_Dinoko\">ici.<\/a><\/li>\r\n<li><a href=\"https:\/\/note.com\/up_hide\/n\/nc28b86f4c200?fbclid=IwAR1BPZSWSkRLrTciIAGkJ_RJ-puBkSknOVWB7UylppkCTCvkGAlal1U_Gfc\">\u3053\u3053<\/a>\u306bisibheqe\u306b\u3064\u3044\u3066\u306e\u975e\u5e38\u306b\u8208\u5473\u6df1\u3044\u8a71\u304c\u3042\u308a\u307e\u3059:<\/li>\r\n<\/ul>\r\n<p><a href=\"https:\/\/note.com\/up_hide\/n\/nc28b86f4c200?fbclid=IwAR1BPZSWSkRLrTciIAGkJ_RJ-puBkSknOVWB7UylppkCTCvkGAlal1U_Gfc\"><img loading=\"lazy\" decoding=\"async\" class=\"alignright wp-image-197 size-full\" src=\"http:\/\/isibheqe.org.za\/wp-content\/uploads\/2020\/03\/note-isibheqe-izinhlamvu.png\" alt=\"\" width=\"1115\" height=\"775\" srcset=\"https:\/\/isibheqe.org.za\/wp-content\/uploads\/2020\/03\/note-isibheqe-izinhlamvu.png 1115w, https:\/\/isibheqe.org.za\/wp-content\/uploads\/2020\/03\/note-isibheqe-izinhlamvu-300x209.png 300w, https:\/\/isibheqe.org.za\/wp-content\/uploads\/2020\/03\/note-isibheqe-izinhlamvu-1024x712.png 1024w, https:\/\/isibheqe.org.za\/wp-content\/uploads\/2020\/03\/note-isibheqe-izinhlamvu-768x534.png 768w\" sizes=\"auto, (max-width: 1115px) 100vw, 1115px\" \/><img loading=\"lazy\" decoding=\"async\" class=\"alignleft wp-image-199 size-full\" src=\"http:\/\/isibheqe.org.za\/wp-content\/uploads\/2020\/03\/note-isibheqe-onkamisa.png\" alt=\"\" width=\"618\" height=\"486\" srcset=\"https:\/\/isibheqe.org.za\/wp-content\/uploads\/2020\/03\/note-isibheqe-onkamisa.png 618w, https:\/\/isibheqe.org.za\/wp-content\/uploads\/2020\/03\/note-isibheqe-onkamisa-300x236.png 300w\" sizes=\"auto, (max-width: 618px) 100vw, 618px\" \/><\/a><a href=\"https:\/\/note.com\/up_hide\/n\/nc28b86f4c200\"><img loading=\"lazy\" decoding=\"async\" class=\"alignnone wp-image-198 size-full\" src=\"http:\/\/isibheqe.org.za\/wp-content\/uploads\/2020\/03\/note-isibheqe-ongwaqa.png\" alt=\"\" width=\"935\" height=\"983\" srcset=\"https:\/\/isibheqe.org.za\/wp-content\/uploads\/2020\/03\/note-isibheqe-ongwaqa.png 935w, https:\/\/isibheqe.org.za\/wp-content\/uploads\/2020\/03\/note-isibheqe-ongwaqa-285x300.png 285w, https:\/\/isibheqe.org.za\/wp-content\/uploads\/2020\/03\/note-isibheqe-ongwaqa-768x807.png 768w\" sizes=\"auto, (max-width: 935px) 100vw, 935px\" \/><\/a><\/p>\r\n<ul>\r\n<li>further explanation of the system is available on Omniglot <a href=\"https:\/\/www.omniglot.com\/writing\/ditema.htm\">here<\/a>:<\/li>\r\n<\/ul>\r\n<p><a href=\"https:\/\/www.omniglot.com\/writing\/ditema.htm\"><img loading=\"lazy\" decoding=\"async\" class=\"alignnone wp-image-200 size-full\" src=\"http:\/\/isibheqe.org.za\/wp-content\/uploads\/2020\/03\/omngiglot-isibheqe.png\" alt=\"\" width=\"598\" height=\"698\" srcset=\"https:\/\/isibheqe.org.za\/wp-content\/uploads\/2020\/03\/omngiglot-isibheqe.png 598w, https:\/\/isibheqe.org.za\/wp-content\/uploads\/2020\/03\/omngiglot-isibheqe-257x300.png 257w\" sizes=\"auto, (max-width: 598px) 100vw, 598px\" \/><\/a><\/p>\r\n<ul>\r\n<li>isibheqe \/ ditema is also on the Atlas of Endangered Alphabets <a href=\"https:\/\/www.endangeredalphabets.net\/alphabets\/ditema-tsa-dinoko\/\">here<\/a>:<\/li>\r\n<\/ul>\r\n<p><a href=\"http:\/\/www.endangeredalphabets.net\/alphabets\/\"><img loading=\"lazy\" decoding=\"async\" class=\"alignnone wp-image-195 size-full\" src=\"http:\/\/isibheqe.org.za\/wp-content\/uploads\/2020\/03\/atlas-of-alphabets.png\" alt=\"\" width=\"879\" height=\"816\" srcset=\"https:\/\/isibheqe.org.za\/wp-content\/uploads\/2020\/03\/atlas-of-alphabets.png 879w, https:\/\/isibheqe.org.za\/wp-content\/uploads\/2020\/03\/atlas-of-alphabets-300x278.png 300w, https:\/\/isibheqe.org.za\/wp-content\/uploads\/2020\/03\/atlas-of-alphabets-768x713.png 768w\" sizes=\"auto, (max-width: 879px) 100vw, 879px\" \/><\/a><\/p>\r\n<pre><img loading=\"lazy\" decoding=\"async\" class=\"wp-image-117 alignleft\" src=\"http:\/\/isibheqe.org.za\/wp-content\/uploads\/2020\/03\/isibheqe-dot-org-dot-za-300x162.png\" alt=\"\" width=\"446\" height=\"242\" srcset=\"https:\/\/isibheqe.org.za\/wp-content\/uploads\/2020\/03\/isibheqe-dot-org-dot-za-300x162.png 300w, https:\/\/isibheqe.org.za\/wp-content\/uploads\/2020\/03\/isibheqe-dot-org-dot-za-768x416.png 768w, https:\/\/isibheqe.org.za\/wp-content\/uploads\/2020\/03\/isibheqe-dot-org-dot-za.png 926w\" sizes=\"auto, (max-width: 446px) 100vw, 446px\" \/><span class=\"display-name\"><br><br><br><br><br>      (\u07d4\u07ce\u07ef\u07df\u07cd \u07de\u07ca-\u07d6\u07ca\u07ec\u07e3\u07cf\u07ec\u07df\u07cc\u07f2\u07ef\u07d7\u07cc (\u07c2\u07c0\u07c2\u07c0<\/span><\/pre>\r\n\r\n\r\n\r\n<p>&nbsp;<\/p>\r\n\r\n<p style=\"text-align: left;\"><span style=\"color: black;\"> Isibheqe Sohlamvu \/ Ditema tsa Dinoko \/ Ditema Syllabary \/ Lapha kutholakele khona isizindalwazi sohlelo lokuloba amazwi ezilimi zesiNtu olunesimo oluvela ebuciko bomdabu, olubizwa ngokuthi yisiBheqe SoHlamvu. Ditema tsa Dinoko ke mokwalo o moshwa wa puo ya setso. This is the decolonial Southern African writing system, Isibheqe\/Ditema Featural Syllabary. It is used to write all Southern Ntu languages (so-called &#8220;Southern Bantu Languages&#8221;) of the the region of Azania \/ \u1f08\u03b6\u03b1\u03bd\u03af\u03b1 \/ \u0632\u0646\u062c\u064a \/ \u6fa4\u6563 and !Narem\u00e2b which encompasses South East Afrika, and SADC states such as the Republics of South Africa, Botswana, Eswatini, Mozambique, Zimbabwe, Zambia, and Lesotho. <a href=\"https:\/\/depts.washington.edu\/silkroad\/texts\/weilue\/notes11_30.html\"><img loading=\"lazy\" decoding=\"async\" class=\"alignleft wp-image-234 \" src=\"https:\/\/isibheqe.org.za\/wp-content\/uploads\/2020\/03\/Azania.jpg\" alt=\"\" width=\"338\" height=\"680\" srcset=\"https:\/\/isibheqe.org.za\/wp-content\/uploads\/2020\/03\/Azania.jpg 477w, https:\/\/isibheqe.org.za\/wp-content\/uploads\/2020\/03\/Azania-149x300.jpg 149w\" sizes=\"auto, (max-width: 338px) 100vw, 338px\" \/><\/a>These language forms that it best represents fall into the typological language groups called Nguni, Sotho-Tswana, Ven\u1e13a, Tsonga and Tonga-Inhambane. Language labels such as Sesotho, Setswana, IsiZulu, IsiXhosa, SiSwati, SiPhuthi, Xitsonga, EMakhuwa, ChiNgoni, SiLozi, or Tshiven\u1e13a, constitute members of these groups. The Isibheqe\/Ditema orthography is an alternative literacy in line with principles of decoloniality. It is drawn from antecedent izimpawu zesiNtu ideograms as listen by the likes of Vusamazulu Credo Mutwa as being the rarefied symbols of isanusi \/ isangoma \/ igqirha \/ !gaixa \/ ngaka, and explained by the those such as of B\u00e1rbaro Mart\u00ednez-Ruiz in his book on Kongo Graphic Writing Symbols, for example. Siyabuyela eMbo. Sankofa. Siyacamagusha. Ka pula, pula a e ne! <\/span><\/p>","protected":false},"excerpt":{"rendered":"<p>EZINDABENI \/ DITABENG isibheqe sohlamvu [isib\u0324\u025b\u01c3\u025b s\u0254\u026ca\u02d0\u1d50vu] \u2662\u235a\u2662 ditema tsa dinoko [dit\u02bc\u026ama t\u035cs\u02bcadin\u028a\u02d0k\u02bc\u028a] \u235a\u2662\u235a uhlelo lokuloba amazwi ezilimi zesintu olunesimo oluvelo ebuciko bomdabu a writing system for southern african languages of a form that originates in traditional arts mokwalo o moshwa wa puo ya setso a new orthography for indigenous&nbsp;language the system is used for [&hellip;]<\/p>\n","protected":false},"author":1,"featured_media":113,"parent":0,"menu_order":0,"comment_status":"closed","ping_status":"closed","template":"","meta":{"om_disable_all_campaigns":false,"_monsterinsights_skip_tracking":false,"_monsterinsights_sitenote_active":false,"_monsterinsights_sitenote_note":"","_monsterinsights_sitenote_category":0,"footnotes":""},"class_list":["post-7","page","type-page","status-publish","has-post-thumbnail","hentry"],"_links":{"self":[{"href":"https:\/\/isibheqe.org.za\/index.php\/wp-json\/wp\/v2\/pages\/7","targetHints":{"allow":["GET"]}}],"collection":[{"href":"https:\/\/isibheqe.org.za\/index.php\/wp-json\/wp\/v2\/pages"}],"about":[{"href":"https:\/\/isibheqe.org.za\/index.php\/wp-json\/wp\/v2\/types\/page"}],"author":[{"embeddable":true,"href":"https:\/\/isibheqe.org.za\/index.php\/wp-json\/wp\/v2\/users\/1"}],"replies":[{"embeddable":true,"href":"https:\/\/isibheqe.org.za\/index.php\/wp-json\/wp\/v2\/comments?post=7"}],"version-history":[{"count":43,"href":"https:\/\/isibheqe.org.za\/index.php\/wp-json\/wp\/v2\/pages\/7\/revisions"}],"predecessor-version":[{"id":268,"href":"https:\/\/isibheqe.org.za\/index.php\/wp-json\/wp\/v2\/pages\/7\/revisions\/268"}],"wp:featuredmedia":[{"embeddable":true,"href":"https:\/\/isibheqe.org.za\/index.php\/wp-json\/wp\/v2\/media\/113"}],"wp:attachment":[{"href":"https:\/\/isibheqe.org.za\/index.php\/wp-json\/wp\/v2\/media?parent=7"}],"curies":[{"name":"wp","href":"https:\/\/api.w.org\/{rel}","templated":true}]}}